{"id":3,"date":"2019-12-03T20:41:17","date_gmt":"2019-12-03T19:41:17","guid":{"rendered":"http:\/\/www.oberlech750.at\/?page_id=3"},"modified":"2019-12-04T17:10:14","modified_gmt":"2019-12-04T16:10:14","slug":"datenschutzerklaerung","status":"publish","type":"page","link":"https:\/\/www.oberlech750.at\/en\/datenschutzerklaerung\/","title":{"rendered":"Daten&shy;schutz&shy;erkl\u00e4rung"},"content":{"rendered":"\n<p>gem\u00e4ss Datenschutzgrundverordnung<\/p>\n\n\n\n<p><strong>1. Schutz von personenbezogenen Daten<\/strong><\/p>\n\n\n\n<ol class=\"wp-block-list\"><li>Wir sammeln pers\u00f6nliche Daten des Nutzers, das sind&nbsp;Informationen, die es dem Unternehmen erlauben, den Nutzer zu&nbsp;identifizieren.<\/li><li>Im Rahmen verschiedener Ber\u00fchrungspunkte w\u00e4hrend Ihres Aufenthaltes erfassen&nbsp;wir personenbezogene Daten in \u00dcbereinstimmung mit den gesetzlichen&nbsp;Bestimmungen, so zum Beispiel:<br>* * Name<br>* * Geschlecht<br>* * Anschrift<br>* * Rufnummer<br>* * E-Mail-Adresse<br>* * Kredit- und Debitkartennummer oder andere Zahlungsdaten<br>* * Finanzausk\u00fcnfte unter bestimmten Umst\u00e4nden<br>* * Spracheinstellungen<br>* * Geburtsdatum und -ort<br>* * Nationalit\u00e4t, Pass- oder Visadaten oder Daten zu anderen von&nbsp;beh\u00f6rdlichen Stellen&nbsp;ausgestellten Identifikationsdokumenten<br>* * wichtige Datumsangaben wie Geburtstage, Jubil\u00e4en und besondere&nbsp;Anl\u00e4sse<br>* * Arbeitgeberinformationen<br>* * Informationen zu Reiseverlauf, Reisegruppe oder Aktivit\u00e4ten<br>* * Informationen zu vorherigen Gastaufenthalten oder Interaktionen,&nbsp;zu gekauften Waren und Dienstleistungen sowie zu speziellen Anfragen zu&nbsp;Dienstleistungen und Annehmlichkeiten<br>* * IDs von Social-Media-Konten, Profilbilder und andere \u00f6ffentlich&nbsp;zug\u00e4ngliche Daten oder Daten, die Sie durch die Verkn\u00fcpfung Ihrer&nbsp;Social-Media-Konten zur Verf\u00fcgung stellen<br><br>Unter bestimmten Umst\u00e4nden k\u00f6nnen wir ebenfalls folgende Daten erfassen:<br>* * Daten \u00fcber Familienmitglieder und Begleiter, wie Namen und Alter&nbsp;von Kindern<br>* * Biometrische Daten, beispielsweise digitale Fotografien<br>* * Fotografien sowie Video- und Audiodaten durch: \u00dcberwachungskameras, die sich in \u00f6ffentlichen Bereichen unseres Hauses befinden<br>* * Gastvorlieben und personalisierte Daten (&#8220;Pers\u00f6nliche&nbsp;Vorlieben&#8221;), wie Ihre Interessen, Aktivit\u00e4ten, Hobbys, bevorzugte Speisen&nbsp;und Getr\u00e4nke, Dienstleistungen und Annehmlichkeiten, die Sie uns im Rahmen&nbsp;Ihres Besuches mitteilen oder von denen wir im Rahmen Ihres Besuches erfahren.<br><br>Sollten Sie uns im Zusammenhang mit den Services personenbezogene Daten \u00fcber andere Personen mitteilen (zum&nbsp;Beispiel, wenn Sie eine Reservierung f\u00fcr eine andere Person vornehmen),&nbsp;sichern Sie zu, dass Sie das Einverst\u00e4ndnis dieser Personen in Bezug auf die&nbsp;Weitergabe ihrer Daten haben, und gestatten uns, diese Daten gem\u00e4\u00df den&nbsp;Bestimmungen dieser Erkl\u00e4rung zu nutzen.<br><\/li><\/ol>\n\n\n\n<p><strong>2. Ihr Recht auf Auskunft und L\u00f6schung (Betroffenenrechte)<\/strong><\/p>\n\n\n\n<ol class=\"wp-block-list\"><li>Sie haben das Recht auf Auskunft \u00fcber Ihre gespeicherten personenbezogenen Daten, deren Herkunft und Empf\u00e4nger und den Zweck der Datenverarbeitung sowie ein Recht auf Berichtigung, Widerspruch, Daten\u00fcbertragung, Einschr\u00e4nkung der Bearbeitung sowie Sperrung oder L\u00f6schung unrichtiger\/unzul\u00e4ssig verarbeiteter Daten. <\/li><li>Sie haben auch das Recht, eine allenfalls erteilte Einwilligung zur Nutzung Ihrer personenbezogenen Daten jederzeit zu widerrufen. Zur Geltendmachung der Ihnen zustehenden Betroffenenrechte (Auskunft, L\u00f6schung, Berichtigung, Widerspruch und\/oder Daten\u00fcbertragung<a href=\"#_ftn1\">[1]<\/a>) wenden Sie sich an unserer Notariatskanzlei. <\/li><li>Sofern Sie der Auffassung sind, dass die Verarbeitung Ihrer personenbezogenen Daten durch uns gegen das geltende Datenschutzrecht verst\u00f6\u00dft oder Ihre datenschutzrechtlichen Anspr\u00fcche in einer anderen Weise verletzt worden sind, besteht die M\u00f6glichkeit, dass Sie sich bei der zust\u00e4ndigen Aufsichtsbeh\u00f6rde beschweren. Dies ist in \u00d6sterreich die Datenschutzbeh\u00f6rde.<\/li><\/ol>\n\n\n\n<p><strong>3. Verwendung von Daten \u2013 Sicherheit<\/strong><\/p>\n\n\n\n<ol class=\"wp-block-list\"><li>Die uns zur Verf\u00fcgung gestellten Daten werden nicht f\u00fcr andere Zwecke als durch den Beherbergungsvertrag oder durch Ihre Einwilligung oder sonst durch eine Bestimmung im Einklang mit der DSGVO gesteckten Zwecke verarbeitet. Davon ausgenommen ist die Nutzung f\u00fcr statistische Zwecke, sofern die zur Verf\u00fcgung gestellten Daten anonymisiert wurden. <\/li><li>Wir haben dem Stand der Technik entsprechende organisatorische und technische Vorkehrungen getroffen, um den Schutz Ihrer personenbezogenen Daten zu gew\u00e4hrleisten (Schutz gegen missbr\u00e4uchliche Verwendung sowohl von Innen als auch von Au\u00dfen (etwa durch Firewalls, Verschl\u00fcsselungen, Zugriffsberechtigungen, etc.). Es kann jedoch nicht ausgeschlossen werden, dass durch von uns nicht verursachte Fehler bei der Daten\u00fcbertragung oder auch unautorisiertem Zugriff durch Dritte (Hacker, etc.) Informationen von anderen Personen eingesehen oder genutzt werden. Daf\u00fcr \u00fcbernehmen wir keine Haftung, sofern diese missbr\u00e4uchliche Verwendung nicht von uns schuldhaft verursacht wurde. <\/li><\/ol>\n\n\n\n<p><strong>4. Weitergabe von Daten an Dritte (\u00dcbermittlung)<\/strong><\/p>\n\n\n\n<ol class=\"wp-block-list\"><li>Grunds\u00e4tzlich stellen wir Ihre personenbezogenen Daten nicht anderen zur Verf\u00fcgung. Allerdings ist es zur Erf\u00fcllung Ihres Auftrages oder aus gesetzlichen Gr\u00fcnden erforderlich, Ihre Daten an Dritte weiterzuleiten. Dies k\u00f6nnen Beh\u00f6rden im Zusammenhang mit den Meldepflichten zur G\u00e4stetaxe oder sonstige beteiligte Dritte (auch Auftragsverarbeiter, die f\u00fcr uns t\u00e4tig sind) sein. In diesem Fall erfolgt die Weitergabe Ihrer Daten ausschlie\u00dflich auf Grundlage des DSGVO (aufgrund der von Ihnen erteilten Einwilligung, Erf\u00fcllung eines Vertrages, Erf\u00fcllung einer rechtlichen Verpflichtung, etc.). <\/li><li>Wir weisen auch darauf hin, dass es sein kann, dass wir Ihre personenbezogenen Daten an Empf\u00e4nger (vgl. oben) au\u00dferhalb Ihres Landes \u00fcbermitteln. Wir \u00fcbermitteln Ihre personenbezogenen Daten jedoch nur und ausschlie\u00dflich auf Grundlage der DSGVO (angemessenes Datenschutzniveau bzw. das Setzen von Ma\u00dfnahmen, um zu gew\u00e4hrleisten, dass alle Empf\u00e4nger ein angemessenes Datenschutzniveau haben). <\/li><\/ol>\n\n\n\n<p><strong>5. Speichern und L\u00f6schen von Daten<\/strong><\/p>\n\n\n\n<ol class=\"wp-block-list\"><li>Wir bewahren Ihre personenbezogenen Daten nicht l\u00e4nger auf als es f\u00fcr die Zwecke, f\u00fcr die sie verarbeitet werden, erforderlich ist. <\/li><li>Die Aufbewahrung der Daten erfolgt auch zu Werbezwecken und zum Zwecke von Mailinginformationen. <\/li><\/ol>\n\n\n\n<p><strong>6. Cookies<\/strong><\/p>\n\n\n\n<ol class=\"wp-block-list\"><li>Unsere Website verwendet Cookies. Es handelt sich dabei um kleinere Textdateien, die mit Hilfe des Browsers auf Ihrem Endger\u00e4t abgelegt werden. Wir nutzen Cookies, um unser Angebot nutzerfreundlich zu gestalten. <\/li><li>Es kann sein, dass einige Cookies auf Ihrem Endger\u00e4t gespeichert bleiben, bis Sie diese l\u00f6schen. Sie erm\u00f6glichen es uns, Ihren Browser beim n\u00e4chsten Besuch wieder zu erkennen. Sollten Sie dies nicht w\u00fcnschen, k\u00f6nnen Sie Ihren Browser so einrichten, dass er Sie \u00fcber das Setzen von Cookies informiert und Sie diese im Einzelfall erlauben. Sollte eine Deaktivierung von Cookies erfolgen, kann die Funktionalit\u00e4t unserer Website eingeschr\u00e4nkt sein. <\/li><\/ol>\n\n\n\n<p>7. Webanalyse\/Server-Logfiles<\/p>\n\n\n\n<ol class=\"wp-block-list\"><li>Der Provider dieser Website speichert automatisch Informationen in sogenannten Server-Logfiles, die von Ihrem Browser automatisch \u00fcbermittelt werden. Davon umfasst sind Ihre IP-Adresse, Browser- und Spracheinstellung, Betriebssystem, Ihr Internet-Serviceprovider, Datum\/Uhrzeit, URL. <\/li><li>All dies soll zur Optimierung der Website in Bezug auf Benutzerfreundlichkeit und Bereitstellung von n\u00fctzlichen Informationen \u00fcber unsere Dienstleistungen dienen. Eine Zusammenf\u00fchrung dieser Daten mit personenbezogenen Datenquellen erfolgt nicht. <\/li><\/ol>\n\n\n\n<div style=\"height:100px\" aria-hidden=\"true\" class=\"wp-block-spacer\"><\/div>\n\n\n\n<hr class=\"wp-block-separator is-style-wide\"\/>\n\n\n\n<p><a href=\"#_ftnref1\">[1]<\/a> &nbsp;&nbsp;&nbsp;&nbsp; Sofern im Fall der Daten\u00fcbertragung nicht ein unverh\u00e4ltnism\u00e4\u00dfiger Aufwand verursacht wird. <\/p>\n","protected":false},"excerpt":{"rendered":"<p>gem\u00e4ss Datenschutzgrundverordnung 1. Schutz von personenbezogenen Daten Wir sammeln pers\u00f6nliche Daten des Nutzers, das sind&nbsp;Informationen, die es dem Unternehmen erlauben, den Nutzer zu&nbsp;identifizieren. Im Rahmen verschiedener Ber\u00fchrungspunkte w\u00e4hrend Ihres Aufenthaltes erfassen&nbsp;wir personenbezogene Daten in \u00dcbereinstimmung mit den gesetzlichen&nbsp;Bestimmungen, so zum Beispiel:* * Name* * Geschlecht* * Anschrift* * Rufnummer* * E-Mail-Adresse* * Kredit- und Debitkartennummer oder andere Zahlungsdaten* * Finanzausk\u00fcnfte unter bestimmten Umst\u00e4nden* * Spracheinstellungen* * Geburtsdatum und -ort* *&hellip;<\/p>\n","protected":false},"author":1,"featured_media":0,"parent":0,"menu_order":0,"comment_status":"closed","ping_status":"open","template":"","meta":{"footnotes":""},"class_list":["post-3","page","type-page","status-publish","hentry"],"translation":{"provider":"WPGlobus","version":"3.0.0","language":"en","enabled_languages":["de","en"],"languages":{"de":{"title":true,"content":true,"excerpt":false},"en":{"title":false,"content":false,"excerpt":false}}},"_links":{"self":[{"href":"https:\/\/www.oberlech750.at\/en\/wp-json\/wp\/v2\/pages\/3","targetHints":{"allow":["GET"]}}],"collection":[{"href":"https:\/\/www.oberlech750.at\/en\/wp-json\/wp\/v2\/pages"}],"about":[{"href":"https:\/\/www.oberlech750.at\/en\/wp-json\/wp\/v2\/types\/page"}],"author":[{"embeddable":true,"href":"https:\/\/www.oberlech750.at\/en\/wp-json\/wp\/v2\/users\/1"}],"replies":[{"embeddable":true,"href":"https:\/\/www.oberlech750.at\/en\/wp-json\/wp\/v2\/comments?post=3"}],"version-history":[{"count":3,"href":"https:\/\/www.oberlech750.at\/en\/wp-json\/wp\/v2\/pages\/3\/revisions"}],"predecessor-version":[{"id":83,"href":"https:\/\/www.oberlech750.at\/en\/wp-json\/wp\/v2\/pages\/3\/revisions\/83"}],"wp:attachment":[{"href":"https:\/\/www.oberlech750.at\/en\/wp-json\/wp\/v2\/media?parent=3"}],"curies":[{"name":"wp","href":"https:\/\/api.w.org\/{rel}","templated":true}]}}

Daten&shy;schutz&shy;erklärung

<p>gemäss Datenschutzgrundverordnung</p>



<p><strong>1. Schutz von personenbezogenen Daten</strong></p>



<ol class="wp-block-list"><li>Wir sammeln persönliche Daten des Nutzers, das sind&nbsp;Informationen, die es dem Unternehmen erlauben, den Nutzer zu&nbsp;identifizieren.</li><li>Im Rahmen verschiedener Berührungspunkte während Ihres Aufenthaltes erfassen&nbsp;wir personenbezogene Daten in Übereinstimmung mit den gesetzlichen&nbsp;Bestimmungen, so zum Beispiel:<br>* * Name<br>* * Geschlecht<br>* * Anschrift<br>* * Rufnummer<br>* * E-Mail-Adresse<br>* * Kredit- und Debitkartennummer oder andere Zahlungsdaten<br>* * Finanzauskünfte unter bestimmten Umständen<br>* * Spracheinstellungen<br>* * Geburtsdatum und -ort<br>* * Nationalität, Pass- oder Visadaten oder Daten zu anderen von&nbsp;behördlichen Stellen&nbsp;ausgestellten Identifikationsdokumenten<br>* * wichtige Datumsangaben wie Geburtstage, Jubiläen und besondere&nbsp;Anlässe<br>* * Arbeitgeberinformationen<br>* * Informationen zu Reiseverlauf, Reisegruppe oder Aktivitäten<br>* * Informationen zu vorherigen Gastaufenthalten oder Interaktionen,&nbsp;zu gekauften Waren und Dienstleistungen sowie zu speziellen Anfragen zu&nbsp;Dienstleistungen und Annehmlichkeiten<br>* * IDs von Social-Media-Konten, Profilbilder und andere öffentlich&nbsp;zugängliche Daten oder Daten, die Sie durch die Verknüpfung Ihrer&nbsp;Social-Media-Konten zur Verfügung stellen<br><br>Unter bestimmten Umständen können wir ebenfalls folgende Daten erfassen:<br>* * Daten über Familienmitglieder und Begleiter, wie Namen und Alter&nbsp;von Kindern<br>* * Biometrische Daten, beispielsweise digitale Fotografien<br>* * Fotografien sowie Video- und Audiodaten durch: Überwachungskameras, die sich in öffentlichen Bereichen unseres Hauses befinden<br>* * Gastvorlieben und personalisierte Daten (&#8220;Persönliche&nbsp;Vorlieben&#8221;), wie Ihre Interessen, Aktivitäten, Hobbys, bevorzugte Speisen&nbsp;und Getränke, Dienstleistungen und Annehmlichkeiten, die Sie uns im Rahmen&nbsp;Ihres Besuches mitteilen oder von denen wir im Rahmen Ihres Besuches erfahren.<br><br>Sollten Sie uns im Zusammenhang mit den Services personenbezogene Daten über andere Personen mitteilen (zum&nbsp;Beispiel, wenn Sie eine Reservierung für eine andere Person vornehmen),&nbsp;sichern Sie zu, dass Sie das Einverständnis dieser Personen in Bezug auf die&nbsp;Weitergabe ihrer Daten haben, und gestatten uns, diese Daten gemäß den&nbsp;Bestimmungen dieser Erklärung zu nutzen.<br></li></ol>



<p><strong>2. Ihr Recht auf Auskunft und Löschung (Betroffenenrechte)</strong></p>



<ol class="wp-block-list"><li>Sie haben das Recht auf Auskunft über Ihre gespeicherten personenbezogenen Daten, deren Herkunft und Empfänger und den Zweck der Datenverarbeitung sowie ein Recht auf Berichtigung, Widerspruch, Datenübertragung, Einschränkung der Bearbeitung sowie Sperrung oder Löschung unrichtiger/unzulässig verarbeiteter Daten. </li><li>Sie haben auch das Recht, eine allenfalls erteilte Einwilligung zur Nutzung Ihrer personenbezogenen Daten jederzeit zu widerrufen. Zur Geltendmachung der Ihnen zustehenden Betroffenenrechte (Auskunft, Löschung, Berichtigung, Widerspruch und/oder Datenübertragung<a href="#_ftn1">[1]</a>) wenden Sie sich an unserer Notariatskanzlei. </li><li>Sofern Sie der Auffassung sind, dass die Verarbeitung Ihrer personenbezogenen Daten durch uns gegen das geltende Datenschutzrecht verstößt oder Ihre datenschutzrechtlichen Ansprüche in einer anderen Weise verletzt worden sind, besteht die Möglichkeit, dass Sie sich bei der zuständigen Aufsichtsbehörde beschweren. Dies ist in Österreich die Datenschutzbehörde.</li></ol>



<p><strong>3. Verwendung von Daten – Sicherheit</strong></p>



<ol class="wp-block-list"><li>Die uns zur Verfügung gestellten Daten werden nicht für andere Zwecke als durch den Beherbergungsvertrag oder durch Ihre Einwilligung oder sonst durch eine Bestimmung im Einklang mit der DSGVO gesteckten Zwecke verarbeitet. Davon ausgenommen ist die Nutzung für statistische Zwecke, sofern die zur Verfügung gestellten Daten anonymisiert wurden. </li><li>Wir haben dem Stand der Technik entsprechende organisatorische und technische Vorkehrungen getroffen, um den Schutz Ihrer personenbezogenen Daten zu gewährleisten (Schutz gegen missbräuchliche Verwendung sowohl von Innen als auch von Außen (etwa durch Firewalls, Verschlüsselungen, Zugriffsberechtigungen, etc.). Es kann jedoch nicht ausgeschlossen werden, dass durch von uns nicht verursachte Fehler bei der Datenübertragung oder auch unautorisiertem Zugriff durch Dritte (Hacker, etc.) Informationen von anderen Personen eingesehen oder genutzt werden. Dafür übernehmen wir keine Haftung, sofern diese missbräuchliche Verwendung nicht von uns schuldhaft verursacht wurde. </li></ol>



<p><strong>4. Weitergabe von Daten an Dritte (Übermittlung)</strong></p>



<ol class="wp-block-list"><li>Grundsätzlich stellen wir Ihre personenbezogenen Daten nicht anderen zur Verfügung. Allerdings ist es zur Erfüllung Ihres Auftrages oder aus gesetzlichen Gründen erforderlich, Ihre Daten an Dritte weiterzuleiten. Dies können Behörden im Zusammenhang mit den Meldepflichten zur Gästetaxe oder sonstige beteiligte Dritte (auch Auftragsverarbeiter, die für uns tätig sind) sein. In diesem Fall erfolgt die Weitergabe Ihrer Daten ausschließlich auf Grundlage des DSGVO (aufgrund der von Ihnen erteilten Einwilligung, Erfüllung eines Vertrages, Erfüllung einer rechtlichen Verpflichtung, etc.). </li><li>Wir weisen auch darauf hin, dass es sein kann, dass wir Ihre personenbezogenen Daten an Empfänger (vgl. oben) außerhalb Ihres Landes übermitteln. Wir übermitteln Ihre personenbezogenen Daten jedoch nur und ausschließlich auf Grundlage der DSGVO (angemessenes Datenschutzniveau bzw. das Setzen von Maßnahmen, um zu gewährleisten, dass alle Empfänger ein angemessenes Datenschutzniveau haben). </li></ol>



<p><strong>5. Speichern und Löschen von Daten</strong></p>



<ol class="wp-block-list"><li>Wir bewahren Ihre personenbezogenen Daten nicht länger auf als es für die Zwecke, für die sie verarbeitet werden, erforderlich ist. </li><li>Die Aufbewahrung der Daten erfolgt auch zu Werbezwecken und zum Zwecke von Mailinginformationen. </li></ol>



<p><strong>6. Cookies</strong></p>



<ol class="wp-block-list"><li>Unsere Website verwendet Cookies. Es handelt sich dabei um kleinere Textdateien, die mit Hilfe des Browsers auf Ihrem Endgerät abgelegt werden. Wir nutzen Cookies, um unser Angebot nutzerfreundlich zu gestalten. </li><li>Es kann sein, dass einige Cookies auf Ihrem Endgerät gespeichert bleiben, bis Sie diese löschen. Sie ermöglichen es uns, Ihren Browser beim nächsten Besuch wieder zu erkennen. Sollten Sie dies nicht wünschen, können Sie Ihren Browser so einrichten, dass er Sie über das Setzen von Cookies informiert und Sie diese im Einzelfall erlauben. Sollte eine Deaktivierung von Cookies erfolgen, kann die Funktionalität unserer Website eingeschränkt sein. </li></ol>



<p>7. Webanalyse/Server-Logfiles</p>



<ol class="wp-block-list"><li>Der Provider dieser Website speichert automatisch Informationen in sogenannten Server-Logfiles, die von Ihrem Browser automatisch übermittelt werden. Davon umfasst sind Ihre IP-Adresse, Browser- und Spracheinstellung, Betriebssystem, Ihr Internet-Serviceprovider, Datum/Uhrzeit, URL. </li><li>All dies soll zur Optimierung der Website in Bezug auf Benutzerfreundlichkeit und Bereitstellung von nützlichen Informationen über unsere Dienstleistungen dienen. Eine Zusammenführung dieser Daten mit personenbezogenen Datenquellen erfolgt nicht. </li></ol>



<div style="height:100px" aria-hidden="true" class="wp-block-spacer"></div>



<hr class="wp-block-separator is-style-wide"/>



<p><a href="#_ftnref1">[1]</a> &nbsp;&nbsp;&nbsp;&nbsp; Sofern im Fall der Datenübertragung nicht ein unverhältnismäßiger Aufwand verursacht wird. </p>

<p>gemäss Datenschutzgrundverordnung 1. Schutz von personenbezogenen Daten Wir sammeln persönliche Daten des Nutzers, das sind&nbsp;Informationen, die es dem Unternehmen erlauben, den Nutzer zu&nbsp;identifizieren. Im Rahmen verschiedener Berührungspunkte während Ihres Aufenthaltes erfassen&nbsp;wir personenbezogene Daten in Übereinstimmung mit den gesetzlichen&nbsp;Bestimmungen, so zum Beispiel:* * Name* * Geschlecht* * Anschrift* * Rufnummer* * E-Mail-Adresse* * Kredit- und Debitkartennummer oder andere Zahlungsdaten* * Finanzauskünfte unter bestimmten Umständen* * Spracheinstellungen* * Geburtsdatum und -ort* *&hellip;</p>
